{"id":1754,"date":"2017-10-22T17:54:15","date_gmt":"2017-10-22T15:54:15","guid":{"rendered":"https:\/\/www.economiacivile.it\/online\/?page_id=1754"},"modified":"2017-10-22T17:54:51","modified_gmt":"2017-10-22T15:54:51","slug":"statuto","status":"publish","type":"page","link":"https:\/\/www.economiacivile.it\/online\/chi-siamo\/statuto\/","title":{"rendered":"Statuto"},"content":{"rendered":"<p>Riportiamo di seguito lo Statuto dell&#8217;associazione:<\/p>\n<p style=\"text-align: center;\"><strong>STATUTO DELL\u2019ASSOCIAZIONE \u201cECONOMIA CIVILE\u201d\u00a0<\/strong><\/p>\n<p style=\"text-align: center;\"><strong>Capo I<br \/>\n<\/strong><strong>Denominazione \u2013 Sede \u2013 Scopi \u2013 Patrimonio ed esercizi sociali &#8211; Soci<\/strong><\/p>\n<p>Art. 1 \u2013 E\u2019 costituita l\u2019Associazione Culturale denominata \u201cEconomia civile\u201d.<\/p>\n<p>Art. 2 \u2013 L\u2019Associazione ha sede in Roma.<\/p>\n<p>Art. 3 &#8211; L\u2019Associazione ha come scopo promuovere la ricerca scientifica e il dibattito politico-culturale sul nesso tra economia e sviluppo civile della societ\u00e0, nella tradizione di Giacomo Matteotti, Gaetano Salvemini, Ernesto Rossi, Norberto Bobbio e Paolo Sylos Labini.<\/p>\n<p>Art. 4 \u2013 L\u2019Associazione potr\u00e0 svolgere ogni attivit\u00e0 finalizzata alla realizzazione dello scopo sociale ed a mero titolo esemplificativo e non esaustivo: organizzare attivit\u00e0 di ricerca, conferenze e dibattiti, pubblicare riviste periodiche e libri od opuscoli, costituire e gestire siti telematici. Nello svolgimento della sua attivit\u00e0, l\u2019Associazione potr\u00e0 collaborare con universit\u00e0, centri di ricerca ed altre istituzioni culturali.<\/p>\n<p>Art. 5 \u2013 L\u2019Associazione non ha fini di lucro; eventuali utili delle attivit\u00e0 svolte non potranno essere distribuiti fra gli associati, ma dovranno essere utilizzati esclusivamente dall\u2019Associazione per il perseguimento degli scopi sociali.<\/p>\n<p>Art. 6 \u2013 Il patrimonio \u00e8 costituito da: eventuali beni mobili e immobili che diverranno propriet\u00e0 dell\u2019Associazione; eventuali fondi di riserva, costituiti con le eccedenze del bilancio; eventuali erogazioni, donazioni o lasciti di privati o di Enti pubblici.\u00a0Le entrate dell\u2019Associazione sono costituite: dalle quote sociali; dai ricavi dell\u2019organizzazione delle iniziative ed attivit\u00e0 sociali; da ogni altra entrata che concorra ad incrementare l\u2019attivit\u00e0 sociale.<\/p>\n<p>Art. 7 \u2013 L\u2019esercizio finanziario chiude il 31 dicembre di ogni anno. Entro il 31 marzo successivo il Consiglio direttivo approva il bilancio consuntivo, nonch\u00e9 il bilancio preventivo per il nuovo esercizio.<\/p>\n<p>Art. 8 \u2013 I soci si dividono in: Soci fondatori (tutti coloro che hanno partecipato alla costituzione dell\u2019Associazione o che vengano cooptati da questi nella prima riunione del Consiglio direttivo); Soci ordinari (tutte le persone fisiche che ne fanno domanda e sono ammesse con delibera del Consiglio direttivo adottata a maggioranza assoluta dei presenti); Soci collettivi (tutti gli enti privati e non, con o senza personalit\u00e0 giuridica, che ne fanno domanda e sono ammessi con delibera del Consiglio direttivo adottata a maggioranza assoluta dei presenti).\u00a0La qualit\u00e0 di socio si perde per decesso, dimissioni, e per espulsione anche per indegnit\u00e0, deliberata dal Consiglio direttivo a maggioranza assoluta dei presenti.<\/p>\n<p style=\"text-align: center;\"><strong>Capo II<br \/>\n<\/strong><strong>Organi<\/strong><\/p>\n<p>Art. 9 \u2013 Gli organi dell\u2019associazione sono: l\u2019Assemblea dei soci, il Consiglio direttivo, il Presidente, il Segretario\/Tesoriere, il Collegio dei revisori.<\/p>\n<p>Art. 10 \u2013 L\u2019Assemblea dei soci si riunisce almeno una volta l\u2019anno per esaminare le attivit\u00e0 svolte dall\u2019Associazione e indicarne le linee di sviluppo. Elegge il Collegio dei revisori.<\/p>\n<p>Art. 11 \u2013 Il Consiglio direttivo dirige e amministra l\u2019Associazione; \u00e8 composto dai soci fondatori e da soci nominati, a maggioranza assoluta dei presenti, dal Consiglio direttivo stesso. Si riunisce almeno una volta l\u2019anno, ed \u00e8 convocato anche oralmente senza particolari formalit\u00e0.<\/p>\n<p>Art. 12 \u2013 Il Presidente \u00e8 nominato dal Consiglio direttivo a maggioranza assoluta dei presenti. Il Presidente dirige e presiede l\u2019Associazione e ne ha la rappresentanza; presiede e convoca il Consiglio direttivo e l\u2019Assemblea dei soci.\u00a0Il Presidente pu\u00f2 scegliere tra i componenti del Consiglio direttivo un Segretario\/Tesoriere, che lo sostituisce in caso di assenza o di impedimento o quando venga all\u2019uopo delegato, cura la redazione dei verbali del Consiglio e coadiuva il Presidente nell\u2019attuare le delibere dell\u2019Assemblea e del Consiglio direttivo, predispone i bilanci consuntivo e preventivo. In assenza del Segretario\/Tesoriere, le sue funzioni sono svolte dal Presidente.<\/p>\n<p>Art. 13 \u2013 Nessun compenso \u00e8 dovuto al Presidente, ai componenti del Consiglio direttivo e ai soci per l\u2019esercizio delle cariche sociali e per lo svolgimento di attivit\u00e0 nell\u2019interesse dell\u2019Associazione.<\/p>\n<p>Art. 14. Il Collegio dei revisori controlla i bilanci dell\u2019Associazione; \u00e8 costituito da tre membri, nominati dall\u2019Assemblea dei soci. I revisori dovranno accertare la regolare tenuta della contabilit\u00e0 sociale e potranno procedere in qualsiasi momento, anche individualmente, ad atti di ispezione e di controllo.<\/p>\n<p style=\"text-align: center;\"><strong>Capo III<br \/>\n<\/strong><strong>Disposizioni finali e transitorie<\/strong><\/p>\n<p>Art. 15 \u2013 Per modificare lo Statuto occorre oltre alla maggioranza assoluta del Consiglio direttivo anche la maggioranza assoluta dei Soci fondatori.<\/p>\n<p>Art. 16 \u2013 Lo scioglimento dell\u2019Associazione \u00e8 deliberato dall\u2019Assemblea su proposta conforme del Consiglio direttivo e con il voto favorevole della maggioranza dei soci fondatori.\u00a0L\u2019Assemblea dei soci provveder\u00e0 alla nomina di uno o pi\u00f9 liquidatori e deliberer\u00e0 riguardo alla devoluzione del patrimonio, di preferenza ad altre associazioni aventi scopo analogo o per fini di pubblica utilit\u00e0, salvo obblighi di legge.<\/p>\n<p>Art. 17. Per tutto quanto non previsto nel presente statuto si applicano le norme in materia di associazioni non aventi scopo di lucro, le leggi speciali in materia e il Codice Civile.<\/p>\n","protected":false},"excerpt":{"rendered":"<p>Riportiamo di seguito lo Statuto dell&#8217;associazione: STATUTO DELL\u2019ASSOCIAZIONE \u201cECONOMIA CIVILE\u201d\u00a0 Capo I Denominazione \u2013 Sede \u2013 Scopi \u2013 Patrimonio ed esercizi sociali &#8211; Soci Art. 1 \u2013 E\u2019 costituita l\u2019Associazione Culturale denominata \u201cEconomia civile\u201d. Art. 2 \u2013 L\u2019Associazione ha sede in Roma. Art. 3 &#8211; L\u2019Associazione ha come scopo promuovere la ricerca scientifica e il [&hellip;]<\/p>\n","protected":false},"author":3,"featured_media":0,"parent":67,"menu_order":0,"comment_status":"closed","ping_status":"closed","template":"","meta":{"footnotes":""},"class_list":["post-1754","page","type-page","status-publish","hentry"],"_links":{"self":[{"href":"https:\/\/www.economiacivile.it\/online\/wp-json\/wp\/v2\/pages\/1754","targetHints":{"allow":["GET"]}}],"collection":[{"href":"https:\/\/www.economiacivile.it\/online\/wp-json\/wp\/v2\/pages"}],"about":[{"href":"https:\/\/www.economiacivile.it\/online\/wp-json\/wp\/v2\/types\/page"}],"author":[{"embeddable":true,"href":"https:\/\/www.economiacivile.it\/online\/wp-json\/wp\/v2\/users\/3"}],"replies":[{"embeddable":true,"href":"https:\/\/www.economiacivile.it\/online\/wp-json\/wp\/v2\/comments?post=1754"}],"version-history":[{"count":2,"href":"https:\/\/www.economiacivile.it\/online\/wp-json\/wp\/v2\/pages\/1754\/revisions"}],"predecessor-version":[{"id":1756,"href":"https:\/\/www.economiacivile.it\/online\/wp-json\/wp\/v2\/pages\/1754\/revisions\/1756"}],"up":[{"embeddable":true,"href":"https:\/\/www.economiacivile.it\/online\/wp-json\/wp\/v2\/pages\/67"}],"wp:attachment":[{"href":"https:\/\/www.economiacivile.it\/online\/wp-json\/wp\/v2\/media?parent=1754"}],"curies":[{"name":"wp","href":"https:\/\/api.w.org\/{rel}","templated":true}]}}